 = 3*d**2 + 4*d + 11. Let g be x(0). What is the highest common factor of 231 and g?
11
Let v(z) = -z**3 + 50*z**2 + 50*z + 85. Let m be v(51). Calculate the greatest common divisor of m and 391.
17
Let b(l) be the second derivative of l**3/6 + 4*l**2 - 5*l. Let q be b(7). Suppose 3*u = -0*u + 225. Calculate the greatest common divisor of u and q.
15
Let g be -35*2/(-13 - -3). Calculate the greatest common factor of 8 and g.
1
Let i = -252 - -765. Calculate the greatest common factor of i and 27.
27
Let h = -1064 + 1208. What is the highest common factor of h and 396?
36
Let c(w) = 24*w + 49. Let g be c(-2). Calculate the greatest common factor of 23 and g.
1
Suppose -4*t + 0 + 16 = 0. Let x be 5218/10 - (t - (-63)/(-15)). Calculate the highest common divisor of x and 58.
58
Suppose -f - 5*m = -13, -3*f + 2*f + 4*m = -31. Suppose -7*p = -113 - 48. Calculate the highest common divisor of f and p.
23
Let p(t) = -t**3 - 16*t**2 - 30*t + 20. Let m be p(-14). What is the greatest common divisor of m and 256?
16
Let b = 840 + -536. Calculate the highest common factor of b and 19.
19
Let z be 35/2 + (-3)/2. Suppose z + 369 = 7*a. Calculate the greatest common divisor of a and 165.
55
Let c be (3*1/12)/(2/24). Suppose -5*p - v = -203, -5*p - c*v + v + 206 = 0. Calculate the highest common factor of p and 60.
20
Let g(c) = -c**2 - 6*c + 19. Let z be g(-8). Let f be z + 0*(-2)/(-4). Calculate the highest common factor of f and 24.
3
Suppose -5*b = -20, 2*s + 4*b = 4 + 4. Let w be (-69)/(1/(12/s)). Calculate the highest common factor of w and 23.
23
Let w(b) = 24*b + 1 - 1 + 3*b. Let t be w(11). Suppose -4*u = -243 - t. What is the highest common divisor of u and 54?
27
Let o = -198 + 462. Suppose -5*p + 6*p = o. What is the greatest common factor of p and 33?
33
Let w(l) = l**3 - 8*l**2 + 2*l + 9. Let m be w(8). Let c = m + 23. Let b be (126/(-28))/(3/(-8)). Calculate the highest common factor of c and b.
12
Let j = 371 + -281. What is the highest common factor of j and 72?
18
Let b = 2166 - 2118. Calculate the greatest common divisor of b and 128.
16
Let z = 5 - -1. Let u be 1 + (-36)/9 + 481/1. Suppose -2*o + 199 = -3*i, -i = o - z*o + u. Calculate the greatest common factor of 38 and o.
19
Let h(j) = j + 44. Let u be h(-32). Let l(c) = -6*c**2 - 6*c**2 + 0*c**2 + c**3 - 14 + 2*c. Let k be l(u). Calculate the highest common divisor of k and 50.
10
Suppose r - 5*f = -15 - 14, -32 = 4*r + f. Let h(o) = -o - 8*o**2 - o**2 - o**3 - 38 - 35 + 77. Let b be h(r). What is the highest common divisor of 52 and b?
13
Suppose 9*z = 4*z + 200. Suppose -4*x = 3*t - 70, 2*x + t - z = -3*t. Let m be ((-176)/(-3))/(1/3). Calculate the greatest common factor of m and x.
16
Let x(v) = 116*v - 331. Let n be x(3). What is the highest common factor of n and 51?
17
Suppose 2*r = 5*d - 108, 33 = -4*d - r + 109. Let m = -15 - -35. Calculate the greatest common divisor of d and m.
20
Suppose -20 = -2*a - 3*a - 2*s, 4*s = a - 4. What is the greatest common divisor of a and 112?
4
Suppose -13 = -5*c - 4*l + l, 4*c + 3*l = 11. Suppose -k = 5*g - 55, c*g - k - 14 - 8 = 0. Suppose 4*o = 6 - 2. What is the greatest common divisor of g and o?
1
Suppose -334 = -4*d + 146. What is the highest common divisor of 80 and d?
40
Let o(k) = -k - 1. Let j be o(-1). Let h be (j - 1)/((-1)/15). Let g(d) = 119*d**2 - 2*d - 1. Let a be g(-1). What is the greatest common divisor of h and a?
15
Let b(a) = -2*a**3 - 53*a**2 - 33*a - 80. Let s be b(-26). What is the greatest common factor of 1734 and s?
102
Let m(u) = -4*u**2 + 16*u - 135. Let z(n) = -3*n**2 + 11*n - 90. Let v(p) = -5*m(p) + 7*z(p). Let b be v(0). Calculate the highest common divisor of 18 and b.
9
Let h(z) = -z - 1. Let b be h(-4). Suppose b*p + 0*p = 42. Suppose d - 40 = -p. Calculate the highest common divisor of d and 104.
26
Let h be (19 + 90/(-9))*16/3. Calculate the highest common factor of h and 9.
3
Let h(b) = -b**2 + 13*b + 6. Let w be h(12). Let s = w + -18. Let n be 1*(-1 - s - -155). Calculate the greatest common divisor of n and 22.
22
Suppose -4*t = 17 - 41. Suppose -3*n = -3*w + 138, -3*w - n - 148 = -t*w. What is the greatest common factor of w and 17?
17
Let l = 76 - 80. Let x(m) = m + 6. Let q be x(l). Calculate the highest common divisor of q and 5.
1
Let t = 314 - 292. Calculate the greatest common factor of 2 and t.
2
Let a(k) = k**3 + 5*k**2 - 20*k. Let f be a(-9). Let x be (11/3)/(-6 - 870/f). Let w = -10 - -18. Calculate the greatest common factor of w and x.
8
Suppose 34 = 2*n - 5*i, -2*n - 2*i = -i - 10. Suppose n*d - 9*d + 46 = 0. What is the highest common factor of 115 and d?
23
Suppose 0 = 3*g - 1444 + 514. Suppose 0 = -9*w + 212 + g. Calculate the greatest common factor of 145 and w.
29
Let b = 4437 + -2741. Calculate the greatest common divisor of b and 318.
106
Let w be ((-200)/(-6))/(144/1512). Calculate the highest common factor of w and 14.
14
Let m be 3 + 1 + (8 - 8/8). Let a be (1*2)/(1/22). Calculate the highest common divisor of a and m.
11
Let m be 0 + (-1833)/(-9) + 9/27. Suppose -5*n + 0*n = 2*l - m, -n + 5*l + 57 = 0. What is the highest common divisor of n and 6?
6
Let t(j) = 9*j**2 - 36*j + 116. Let i be t(3). Calculate the highest common divisor of 89 and i.
89
Let x(p) = -p**3 - 34*p**2 - 245*p + 93. Let b be x(-11). Let o = 62 + -37. What is the greatest common divisor of o and b?
5
Let s(u) = -4*u**2 + 1 + 6 + u**3 + 7*u**2 + 6*u**2. Let k be s(-9). Let o be (-2)/(0 + (-2)/k). What is the highest common divisor of o and 77?
7
Suppose -2*t + 162 + 196 = 0. Let v = t + -36. Suppose -4*c + v = 3. Calculate the greatest common divisor of 5 and c.
5
Let l = 79 + -52. Calculate the greatest common factor of l and 9.
9
Let m = 5200 + -2450. What is the greatest common divisor of 22 and m?
22
Let a = 208 - 207. Calculate the highest common factor of a and 16.
1
Let f(u) = -u**2 + u + 8. Let o be f(0). Suppose -g + 0 + o = 0. Let a be 1/(-4) - (-130)/g. Calculate the greatest common factor of a and 24.
8
Suppose -7*f + 785 = -2435. What is the highest common divisor of f and 30?
10
Let w = -51 + 51. Suppose -4*q + 2*q + 24 = w. Let u = -31 - -151. What is the highest common divisor of q and u?
12
Suppose z - t - 649 = -2*z, -3*z = t - 647. Calculate the greatest common factor of z and 135.
27
Suppose -18*u + 3220 = -4*u. What is the highest common divisor of 40 and u?
10
Suppose -668 = -4*f + 4*t, 352 = 2*f + t + 3*t. Calculate the highest common divisor of 20 and f.
10
Let j = -15 - -5. Let r = -6 - j. Suppose 32 + 36 = r*m. What is the greatest common divisor of 17 and m?
17
Let b be (3 - 38/12)*-2*72. Let k be 240/100 - (-4)/(-10). Calculate the greatest common factor of b and k.
2
Suppose 0 = t + 4*y - 60, 23*t - 27*t = 3*y - 266. Calculate the highest common factor of t and 44.
4
Suppose 0 = 2*c - 4*c. Suppose -v + 10 + 42 = 4*y, 4*y + 5*v - 68 = c. Let x be -11 - -14 - (-16 + 1). What is the greatest common divisor of x and y?
6
Let d(l) = 8 - 3 + 1 + 2*l. Let o be d(7). Let p = -25 + 45. Calculate the highest common factor of o and p.
20
Let h(z) = 0*z + 59*z**3 + 5 + 4*z**2 + 4*z - 60*z**3. Let k be h(5). Let l = k - -16. Calculate the greatest common factor of 16 and l.
16
Suppose -3*a + 4*c = 68, -2*a - 3*c - 33 - 1 = 0. Let q = -19 - a. What is the greatest common divisor of 1 and q?
1
Let x(q) = 2*q**2 - 24*q + 80. Let g be x(7). What is the highest common factor of g and 1415?
5
Let b be (-10)/4*48/(-20). Let s be (2/b)/(3/81). Suppose 3*r - 4*f = 43, -8*f = -5*r - 4*f + 61. Calculate the highest common divisor of r and s.
9
Let h = 18 + -9. Suppose 4*l + 1 = 5*l. Let c be l/(2/(-6)) - -12. Calculate the greatest common divisor of h and c.
9
Let u = 0 - 14. Let y = -217 + 221. Let o be (-6)/y*(2 + u). Calculate the greatest common factor of o and 144.
18
Let j(w) = -40*w + 4. Let a be j(-5). Let b = -3 + 54. What is the greatest common factor of a and b?
51
Let r be (-1 - (4 - 2))*68/(-12). Let q = r - 8. Calculate the greatest common factor of q and 27.
9
Suppose -1 = y, -2*t - 5*y + 4757 = -1584. Calculate the highest common divisor of 19 and t.
19
Let h be (4 - 768/(-8)) + -1. What is the greatest common factor of h and 165?
33
Suppose -n = -3*n + 22. Suppose 0 = -0*y + y 